is the greatest common divisor of 28 and 874468?
28
Calculate the highest common divisor of 3205215 and 585.
585
Calculate the greatest common divisor of 16 and 7292.
4
What is the highest common factor of 22713 and 87?
3
What is the highest common factor of 87112 and 36?
4
Calculate the highest common factor of 14 and 22220.
2
What is the highest common divisor of 126 and 164502?
18
What is the highest common factor of 793157 and 2908?
727
What is the greatest common factor of 30954 and 63?
21
What is the highest common factor of 285 and 8655?
15
What is the highest common divisor of 8248462 and 82?
82
Calculate the highest common factor of 1890 and 133.
7
What is the highest common factor of 2376 and 22352?
88
What is the greatest common factor of 32 and 7792?
16
What is the greatest common divisor of 454608 and 176?
176
Calculate the highest common divisor of 374 and 31603.
187
What is the highest common factor of 666 and 3700?
74
What is the greatest common divisor of 1304 and 129422?
326
Calculate the highest common factor of 76760 and 40.
40
Calculate the greatest common factor of 57 and 776188.
19
Calculate the highest common divisor of 46753 and 147.
7
Calculate the highest common divisor of 1015 and 24045.
35
Calculate the highest common divisor of 2668281 and 924.
231
Calculate the greatest common divisor of 27395 and 145.
5
What is the greatest common factor of 4256 and 10906?
266
Calculate the highest common factor of 43 and 166238.
43
What is the greatest common divisor of 202 and 1309162?
202
What is the highest common divisor of 20632 and 656?
8
Calculate the greatest common factor of 595 and 451129.
119
What is the highest common divisor of 2 and 60285?
1
What is the highest common factor of 4926045 and 4740?
1185
What is the greatest common factor of 18 and 1672764?
6
What is the highest common divisor of 7840350 and 315?
315
What is the greatest common divisor of 6498 and 414?
18
What is the highest common divisor of 2455184 and 16?
16
Calculate the highest common factor of 1070304 and 6.
6
What is the highest common divisor of 62 and 535091?
31
What is the highest common divisor of 4884 and 11572?
44
What is the greatest common divisor of 1827 and 329469?
609
What is the highest common factor of 36055 and 15?
5
What is the highest common divisor of 3168 and 926442?
198
Calculate the highest common factor of 23 and 43033.
23
Calculate the greatest common factor of 1339 and 20189.
13
What is the highest common divisor of 5720 and 85592?
104
What is the highest common factor of 1052 and 357417?
263
Calculate the greatest common divisor of 346 and 412778.
346
What is the highest common divisor of 88 and 91564?
44
Calculate the greatest common factor of 456836 and 912.
76
What is the highest common divisor of 4522 and 59052?
266
Calculate the highest common factor of 2773 and 6490.
59
Calculate the highest common divisor of 78 and 113009.
13
What is the greatest common divisor of 2877 and 96996?
411
What is the greatest common divisor of 11 and 369831?
11
What is the highest common factor of 76 and 56354?
38
What is the highest common factor of 56 and 234696?
56
Calculate the highest common divisor of 631475 and 2.
1
Calculate the highest common factor of 149 and 144679.
149
Calculate the greatest common factor of 30114 and 63.
63
Calculate the greatest common factor of 4104419 and 253.
253
Calculate the highest common factor of 256 and 122896.
16
Calculate the highest common factor of 110 and 92774.
22
What is the highest common divisor of 37851 and 6512?
407
What is the highest common factor of 830 and 1850?
10
What is the highest common divisor of 539 and 75075?
77
Calculate the greatest common factor of 25856 and 101.
101
What is the greatest common divisor of 6246 and 918?
18
What is the greatest common divisor of 6 and 27498?
6
Calculate the greatest common factor of 333 and 7806630.
111
What is the greatest common factor of 3306 and 12934?
58
What is the highest common factor of 2618 and 109582?
374
Calculate the greatest common factor of 1272 and 34662.
318
Calculate the greatest common factor of 320 and 1016.
8
Calculate the highest common divisor of 52 and 3523.
13
What is the highest common divisor of 106 and 464810?
106
Calculate the greatest common factor of 17475 and 282396.
699
What is the highest common divisor of 1657323 and 5457?
321
Calculate the highest common divisor of 3067512 and 496.
248
What is the highest common divisor of 180251 and 68?
17
Calculate the highest common divisor of 3770 and 22330.
290
Calculate the highest common factor of 208 and 72176.
208
What is the highest common factor of 232276 and 220?
44
Calculate the greatest common divisor of 64674 and 54.
18
Calculate the greatest common factor of 1752 and 989588.
292
Calculate the highest common divisor of 4711056 and 16.
16
Calculate the greatest common divisor of 98320 and 20.
20
Calculate the greatest common factor of 11627 and 2562923.
1661
Calculate the highest common factor of 7810 and 16390.
110
Calculate the highest common factor of 528 and 8250.
66
Calculate the highest common divisor of 60 and 503130.
30
Calculate the highest common factor of 2027832 and 228.
228
Calculate the highest common factor of 293148 and 1836.
612
Calculate the greatest common factor of 11850 and 210.
30
Calculate the greatest common factor of 21 and 3225971.
7
What is the greatest common factor of 7663256 and 712?
712
What is the greatest common factor of 68561 and 218?
109
What is the greatest common factor of 76 and 2051468?
76
What is the highest common divisor of 4323 and 261?
3
Calculate the greatest common divisor of 27 and 459504.
9
Calculate the greatest common divisor of 126 and 92484.
126
Calculate the highest common divisor of 232238 and 2307.
769
Calculate the highest common factor of 562617 and 33.
33
Calculate the greatest common factor of 102 and 124950.
102
Calculate the highest common divisor of 1190 and 7195.
5
Calculate the highest common divisor of 68684 and 44.
44
What is the highest common divisor of 675 and 18555?
15
What is the greatest common factor of 223167 and 63?
21
Calculate the greatest common factor of 21 and 93723.
21
What is the highest common divisor of 336544 and 96?
32
Calculate the highest common factor of 184 and 117392.
184
What is the greatest common divisor of 21 and 877919?
7
What is the greatest common divisor of 18 and 12231?
9
Calculate the greatest common divisor of 1100596 and 91.
7
What is the greatest common divisor of 272 and 23776?
16
Calculate the greatest common divisor of 75256 and 1288.
184
What is the highest common factor of 860 and 308200?
20
Calculate the highest common divisor of 1917 and 51333.
213
What is the highest common divisor of 177 and 18703?
59
Calculate the highest common divisor of 8922961 and 597.
199
Calculate the highest common divisor of 18 and 841374.
18
Calculate the highest common factor of 32390 and 316.
158
Calculate the highest common divisor of 46808 and 536.
8
What is the greatest common divisor of 605 and 619?
1
What is the highest common divisor of 836 and 2717?
209
Calculate the highest common divisor of 6390 and 72.
18
What is the highest common factor of 2618368 and 1024?
1024
Calculate the highest common divisor of 1235289 and 1804.
451
What is the greatest common factor of 17776 and 7373?
101
Calculate the highest common factor of 8364 and 4692.
204
Calculate the greatest common factor of 1696971 and 771.
771
What is the highest common divisor of 4510 and 11385?
55
Calculate the highest common divisor of 2604 and 190743.
651
Calculate the greatest common divisor of 3056631 and 138.
69
What is the greatest common divisor of 32 and 585?
1
What is the greatest common divisor of 8604 and 630?
18
Calculate the highest common factor of 3262176 and 94.
94
Calculate the highest common factor of 1028 and 112823.
257
What is the greatest common divisor of 264 and 1023?
33
What is the highest common divisor of 5712 and 209559?
357
Calculate the highest common factor of 8608 and 1984.
32
What is the highest common factor of 132 and 2298626?
22
Calculate the highest common divisor of 244545 and 714.
357
Calculate the greatest common factor of 7733 and 493691.
407
Calculate th